{"id":449,"date":"2021-01-04T12:33:14","date_gmt":"2021-01-04T11:33:14","guid":{"rendered":"http:\/\/ccsp.ovh\/?page_id=449"},"modified":"2021-01-05T17:52:02","modified_gmt":"2021-01-05T16:52:02","slug":"entre-70-et-89-km","status":"publish","type":"page","link":"https:\/\/ccsp.ovh\/?page_id=449","title":{"rendered":"Entre 70 et 89 km"},"content":{"rendered":"\n<p class=\"has-medium-font-size\">Fichiers en t\u00e9l\u00e9chargement :<\/p>\n\n\n\n<table id=\"tablepress-6\" class=\"tablepress tablepress-id-6\">\n<tbody class=\"row-hover\">\n<tr class=\"row-1\">\n\t<td class=\"column-1\" style=\"width:130px;\"><img src=\"http:\/\/ccsp.ovh\/wp-content\/uploads\/2021\/01\/C02.jpg\" alt=\"\" width=\"120\" height=\"176\" class=\"alignnone size-full wp-image-486\" \/><\/td><td class=\"column-2\" style=\"width:400px;\">C02 - Vers le nord - 88 km - 840 m de d\u00e9nivel\u00e9.<br \/>\nSt-Privat - Moyeuvre-Fontoy-Crusnes-Audun-le-Roman-Norroy-le-Sec-Valleroy-St-Privat<\/td><td class=\"column-3\" style=\"width:400px;\">[download id=\"549\"]<\/td>\n<\/tr>\n<tr class=\"row-2\">\n\t<td class=\"column-1\"><img src=\"http:\/\/ccsp.ovh\/wp-content\/uploads\/2021\/01\/C04.jpg\" alt=\"\" width=\"120\" height=\"64\" class=\"alignnone size-full wp-image-487\" \/><\/td><td class=\"column-2\">C04 - Vers l'ouest - 71 km - 430 m de d\u00e9nivel\u00e9.<br \/>\nSt-Privat - Valleroy-Fl\u00e9ville-Buzy-Friauville-Jouaville-Amanvillers-St-Privat<\/td><td class=\"column-3\">[download id=\"601\"]<\/td>\n<\/tr>\n<tr class=\"row-3\">\n\t<td class=\"column-1\"><img src=\"http:\/\/ccsp.ovh\/wp-content\/uploads\/2021\/01\/C06.jpg\" alt=\"\" width=\"120\" height=\"83\" class=\"alignnone size-full wp-image-489\" \/><\/td><td class=\"column-2\">C06 - Vers l'est - 88 km - 745 m de d\u00e9nivel\u00e9.<br \/>\nSt-Privat - Maizi\u00e8res-Fl\u00e9vy-Vigy-Aboncourt-Metzervisse-Stuckange-Uckange-Clouange-Montois-St-Privat<\/td><td class=\"column-3\">[download id=\"603\"]<\/td>\n<\/tr>\n<tr class=\"row-4\">\n\t<td class=\"column-1\"><img src=\"http:\/\/ccsp.ovh\/wp-content\/uploads\/2021\/01\/C21.jpg\" alt=\"\" width=\"120\" height=\"142\" class=\"alignnone size-full wp-image-504\" \/><\/td><td class=\"column-2\">C21 - Le Grand Mad - 85 km - 480 m de d\u00e9nivel\u00e9.<br \/>\nSt-Privat - Batilly-Jouaville-Doncourt-Bruville-Mars-la-Tour-Puxieux-Sponville-Lachauss\u00e9e-Charey-Xammes-Jaulny-Rembercourt-Arnaville-Ancy-Ars-sur-Moselle-Moulins-les-Metz-St-Privat<\/td><td class=\"column-3\">[download id=\"605\"]<\/td>\n<\/tr>\n<tr class=\"row-5\">\n\t<td class=\"column-1\"><img src=\"http:\/\/ccsp.ovh\/wp-content\/uploads\/2021\/01\/C22.jpg\" alt=\"\" width=\"120\" height=\"229\" class=\"alignnone size-full wp-image-505\" \/><\/td><td class=\"column-2\">C22 - Vers le nord  - 82 km - 690 m de d\u00e9nivel\u00e9.<br \/>\nSt-Privat -Moyeuvre-Fontoy-Havange-Boulange-Anderny-Tucquenieux-Mancieulles-Mance-Briey-Aubou\u00e9-Batilly-Vern\u00e9ville-Amanvillers-St-Privat<\/td><td class=\"column-3\">[download id=\"607\"]<\/td>\n<\/tr>\n<tr class=\"row-6\">\n\t<td class=\"column-1\"><img src=\"http:\/\/ccsp.ovh\/wp-content\/uploads\/2021\/01\/C29.jpg\" alt=\"\" width=\"120\" height=\"89\" class=\"alignnone size-full wp-image-512\" \/><\/td><td class=\"column-2\">C29 - La Privatienne (2) - 66 km - 550 m de d\u00e9nivel\u00e9.<br \/>\nSt-Privat-Jouaville-Doncourt-Mars-la-Tour-Hannonville-Suz\u00e9mont-Sponville-Xonville-Lachauss\u00e9e-Jonville-Harville-Moulotte-Allamont-Friauville-Montcel-Jouaville-Vern\u00e9ville-Amanvillers-Ste-Marie-St-Privat<\/td><td class=\"column-3\">[download id=\"609\"]<\/td>\n<\/tr>\n<tr class=\"row-7\">\n\t<td class=\"column-1\"><img src=\"http:\/\/ccsp.ovh\/wp-content\/uploads\/2021\/01\/C32.jpg\" alt=\"\" width=\"120\" height=\"154\" class=\"alignnone size-full wp-image-515\" \/><\/td><td class=\"column-2\">C32 - Vers Thiaucourt - 80 km - 500 m de d\u00e9nivel\u00e9.<br \/>\nSt-Privat - Doncourt - Mars-la-Tour - Chambley - Charey - Xammes - Thiaucourt - Jaulny - Rup de Mad - Moulins - Chatel - Amanvillers - St-Privat<\/td><td class=\"column-3\">[download id=\"611\"]<\/td>\n<\/tr>\n<tr class=\"row-8\">\n\t<td class=\"column-1\"><img src=\"http:\/\/ccsp.ovh\/wp-content\/uploads\/2021\/01\/C43.jpg\" alt=\"\" width=\"120\" height=\"124\" class=\"alignnone size-full wp-image-525\" \/><\/td><td class=\"column-2\">C43 St-Cl\u00e9ment-Arry-St-Quentin - 78 km - 800 m de d\u00e9nivel\u00e9.<br \/>\nSt-Privat-Croix Saint-Cl\u00e9ment-C\u00f4te d'Arry- Mont-Saint-Quentin-St-Privat<\/td><td class=\"column-3\">[download id=\"613\"]<\/td>\n<\/tr>\n<tr class=\"row-9\">\n\t<td class=\"column-1\"><img src=\"http:\/\/ccsp.ovh\/wp-content\/uploads\/2021\/01\/C53.jpg\" alt=\"\" width=\"118\" height=\"68\" class=\"alignnone size-full wp-image-535\" \/><\/td><td class=\"column-2\">C53 - Vers l'ouest - 74 km - 700 m de d\u00e9nivel\u00e9.<br \/>\nSt-Privat - Ste-Marie-Batilly-Doncourt-Bruville-Mars-la-Tour-Puxieux-Sponville-Jonville-Pareid-Friauville-Batilly-Vern\u00e9ville-Amanvillers-St-Privat<\/td><td class=\"column-3\">[download id=\"615\"]<\/td>\n<\/tr>\n<tr class=\"row-10\">\n\t<td class=\"column-1\"><img src=\"http:\/\/ccsp.ovh\/wp-content\/uploads\/2021\/01\/C56.jpg\" alt=\"\" width=\"120\" height=\"120\" class=\"alignnone size-full wp-image-538\" \/><\/td><td class=\"column-2\">C56 - D\u00e9confinement - 63 km - 585 m de d\u00e9nivel\u00e9.<br \/>\nSt-Privat - Batilly - Allamont - La Chauss\u00e9e - Chambley - Sponville - Vern\u00e9ville - Amanvillers - St-Privat<\/td><td class=\"column-3\">[download id=\"623\"]<\/td>\n<\/tr>\n<\/tbody>\n<\/table>\n<!-- #tablepress-6 from cache -->\n","protected":false},"excerpt":{"rendered":"<p>Fichiers en t\u00e9l\u00e9chargement :<\/p>\n","protected":false},"author":1,"featured_media":0,"parent":0,"menu_order":0,"comment_status":"closed","ping_status":"closed","template":"","meta":{"footnotes":""},"_links":{"self":[{"href":"https:\/\/ccsp.ovh\/index.php?rest_route=\/wp\/v2\/pages\/449"}],"collection":[{"href":"https:\/\/ccsp.ovh\/index.php?rest_route=\/wp\/v2\/pages"}],"about":[{"href":"https:\/\/ccsp.ovh\/index.php?rest_route=\/wp\/v2\/types\/page"}],"author":[{"embeddable":true,"href":"https:\/\/ccsp.ovh\/index.php?rest_route=\/wp\/v2\/users\/1"}],"replies":[{"embeddable":true,"href":"https:\/\/ccsp.ovh\/index.php?rest_route=%2Fwp%2Fv2%2Fcomments&post=449"}],"version-history":[{"count":0,"href":"https:\/\/ccsp.ovh\/index.php?rest_route=\/wp\/v2\/pages\/449\/revisions"}],"wp:attachment":[{"href":"https:\/\/ccsp.ovh\/index.php?rest_route=%2Fwp%2Fv2%2Fmedia&parent=449"}],"curies":[{"name":"wp","href":"https:\/\/api.w.org\/{rel}","templated":true}]}}